{"id":727,"date":"2025-09-21T13:12:13","date_gmt":"2025-09-21T11:12:13","guid":{"rendered":"http:\/\/nas01\/wordpress\/?page_id=727"},"modified":"2025-12-19T11:39:25","modified_gmt":"2025-12-19T10:39:25","slug":"hc-05-bluetooth-module","status":"publish","type":"page","link":"https:\/\/jsanders.myds.me\/wordpress\/?page_id=727","title":{"rendered":"HC-05 BlueTooth module"},"content":{"rendered":"\t\t<div data-elementor-type=\"wp-page\" data-elementor-id=\"727\" class=\"elementor elementor-727\">\n\t\t\t\t<div class=\"elementor-element elementor-element-1c68bd5 e-flex e-con-boxed e-con e-parent\" data-id=\"1c68bd5\" data-element_type=\"container\" data-e-type=\"container\">\n\t\t\t\t\t<div class=\"e-con-inner\">\n\t\t\t\t<div class=\"elementor-element elementor-element-fc320b5 elementor-widget elementor-widget-heading\" data-id=\"fc320b5\" data-element_type=\"widget\" data-e-type=\"widget\" data-widget_type=\"heading.default\">\n\t\t\t\t\t<h2 class=\"elementor-heading-title elementor-size-default\">HC-05 BlueTooth module<\/h2>\t\t\t\t<\/div>\n\t\t\t\t\t<\/div>\n\t\t\t\t<\/div>\n\t\t<div class=\"elementor-element elementor-element-ba49496 e-flex e-con-boxed e-con e-parent\" data-id=\"ba49496\" data-element_type=\"container\" data-e-type=\"container\">\n\t\t\t\t\t<div class=\"e-con-inner\">\n\t\t\t\t<div class=\"elementor-element elementor-element-38d24bf elementor-widget elementor-widget-heading\" data-id=\"38d24bf\" data-element_type=\"widget\" data-e-type=\"widget\" data-widget_type=\"heading.default\">\n\t\t\t\t\t<h5 class=\"elementor-heading-title elementor-size-default\">Omschrijving<\/h5>\t\t\t\t<\/div>\n\t\t\t\t<div class=\"elementor-element elementor-element-b12b615 elementor-widget elementor-widget-text-editor\" data-id=\"b12b615\" data-element_type=\"widget\" data-e-type=\"widget\" data-widget_type=\"text-editor.default\">\n\t\t\t\t\t\t\t\t\t<table style=\"border-collapse: collapse; width: 100%;\"><tbody><tr><td style=\"width: 79.3287%; border-style: none;\"><p>HC-05 Bluetooth seri\u00eble poort vervanger voor bedrade seri\u00eble verbindingen, eenvoudig in gebruik. Je kunt de module gebruiken om een seri\u00eble poort te vervangen om verbinding te maken met bijvoorbeeld Arduino, PIC of andere microcontroller en PC of Android telefoon(geen iphone\/ipad support). De HC-05 kan in tegenstelling to de HC-06 ingesteld worden als Bluetooth master of Bluetooth slave.De HC-05 module zit op het JY-MCU basis board met voltage regulator en 6 header pinnen al gesoldeerd aan de zijkant.<\/p><\/td><td style=\"width: 20.6713%; border-style: none;\"><a href=\"https:\/\/jsanders.myds.me\/wordpress\/wp-content\/uploads\/2025\/09\/Bluetooth_Module.png\"><img decoding=\"async\" class=\"alignnone wp-image-729 size-thumbnail\" src=\"https:\/\/jsanders.myds.me\/wordpress\/wp-content\/uploads\/2025\/09\/Bluetooth_Module-150x150.png\" alt=\"\" width=\"150\" height=\"150\" srcset=\"https:\/\/jsanders.myds.me\/wordpress\/wp-content\/uploads\/2025\/09\/Bluetooth_Module-150x150.png 150w, https:\/\/jsanders.myds.me\/wordpress\/wp-content\/uploads\/2025\/09\/Bluetooth_Module-300x300.png 300w, https:\/\/jsanders.myds.me\/wordpress\/wp-content\/uploads\/2025\/09\/Bluetooth_Module.png 500w\" sizes=\"(max-width: 150px) 100vw, 150px\" \/><\/a><\/td><\/tr><\/tbody><\/table>\t\t\t\t\t\t\t\t<\/div>\n\t\t\t\t<div class=\"elementor-element elementor-element-2681e08 elementor-widget elementor-widget-heading\" data-id=\"2681e08\" data-element_type=\"widget\" data-e-type=\"widget\" data-widget_type=\"heading.default\">\n\t\t\t\t\t<h5 class=\"elementor-heading-title elementor-size-default\">Specificaties<\/h5>\t\t\t\t<\/div>\n\t\t\t\t<div class=\"elementor-element elementor-element-bdbfc16 elementor-widget elementor-widget-text-editor\" data-id=\"bdbfc16\" data-element_type=\"widget\" data-e-type=\"widget\" data-widget_type=\"text-editor.default\">\n\t\t\t\t\t\t\t\t\t<p>&#8211; Operating Frequency Band: 2.4GHz unlicensed ISM band.<br \/>&#8211; Bluetooth Specification: V2.0+EDR.<br \/>&#8211; Output Power Class: Class 2.<br \/>&#8211; Werkt op: 3.6V \u2013 6V.<br \/>&#8211; Host Interface: USB\/UART.<\/p>\t\t\t\t\t\t\t\t<\/div>\n\t\t\t\t<div class=\"elementor-element elementor-element-180b900 elementor-widget elementor-widget-heading\" data-id=\"180b900\" data-element_type=\"widget\" data-e-type=\"widget\" data-widget_type=\"heading.default\">\n\t\t\t\t\t<h5 class=\"elementor-heading-title elementor-size-default\">Aansluitingen<\/h5>\t\t\t\t<\/div>\n\t\t\t\t<div class=\"elementor-element elementor-element-fbd471f elementor-widget elementor-widget-text-editor\" data-id=\"fbd471f\" data-element_type=\"widget\" data-e-type=\"widget\" data-widget_type=\"text-editor.default\">\n\t\t\t\t\t\t\t\t\t<p>VCC \u00a0 \u00a0 + 3.3V<br \/>GND \u00a0 \u00a0 0<br \/>VTXD \u00a0 \u00a0 Data lijn ontvangen<br \/>RXD \u00a0 \u00a0 Data lijn zenden<br \/>KEY \u00a0 \u00a0 \u00a0Stuur \u00a0command mode (High = AT command mode, Low = normale mode)<br \/>LED \u00a0 \u00a0 \u00a0?\u00a0<\/p>\t\t\t\t\t\t\t\t<\/div>\n\t\t\t\t\t<\/div>\n\t\t\t\t<\/div>\n\t\t<div class=\"elementor-element elementor-element-51c0c58 e-flex e-con-boxed e-con e-parent\" data-id=\"51c0c58\" data-element_type=\"container\" data-e-type=\"container\">\n\t\t\t\t\t<div class=\"e-con-inner\">\n\t\t\t\t<div class=\"elementor-element elementor-element-c3ab1de hfe-post-info-layout-inline elementor-widget elementor-widget-post-info-widget\" data-id=\"c3ab1de\" data-element_type=\"widget\" data-e-type=\"widget\" data-widget_type=\"post-info-widget.default\">\n\t\t\t\t<div class=\"elementor-widget-container\">\n\t\t\t\t\t\t\t<ul class=\"hfe-post-info-inline hfe-post-info-items hfe-post-info\">\n\t\t\t\t\t<li class=\"hfe-post-info-item elementor-repeater-item-ac33501 hfe-post-info-inline-item\" itemprop=\"datePublished\"> \n\t\t\t\n\t\t\t\t\t\t<span class=\"hfe-post-info-icon\">\n\t\t\t\t\t\t\t\t\t<svg aria-hidden=\"true\" class=\"e-font-icon-svg e-far-calendar-alt\" viewBox=\"0 0 448 512\" xmlns=\"http:\/\/www.w3.org\/2000\/svg\"><path d=\"M148 288h-40c-6.6 0-12-5.4-12-12v-40c0-6.6 5.4-12 12-12h40c6.6 0 12 5.4 12 12v40c0 6.6-5.4 12-12 12zm108-12v-40c0-6.6-5.4-12-12-12h-40c-6.6 0-12 5.4-12 12v40c0 6.6 5.4 12 12 12h40c6.6 0 12-5.4 12-12zm96 0v-40c0-6.6-5.4-12-12-12h-40c-6.6 0-12 5.4-12 12v40c0 6.6 5.4 12 12 12h40c6.6 0 12-5.4 12-12zm-96 96v-40c0-6.6-5.4-12-12-12h-40c-6.6 0-12 5.4-12 12v40c0 6.6 5.4 12 12 12h40c6.6 0 12-5.4 12-12zm-96 0v-40c0-6.6-5.4-12-12-12h-40c-6.6 0-12 5.4-12 12v40c0 6.6 5.4 12 12 12h40c6.6 0 12-5.4 12-12zm192 0v-40c0-6.6-5.4-12-12-12h-40c-6.6 0-12 5.4-12 12v40c0 6.6 5.4 12 12 12h40c6.6 0 12-5.4 12-12zm96-260v352c0 26.5-21.5 48-48 48H48c-26.5 0-48-21.5-48-48V112c0-26.5 21.5-48 48-48h48V12c0-6.6 5.4-12 12-12h40c6.6 0 12 5.4 12 12v52h128V12c0-6.6 5.4-12 12-12h40c6.6 0 12 5.4 12 12v52h48c26.5 0 48 21.5 48 48zm-48 346V160H48v298c0 3.3 2.7 6 6 6h340c3.3 0 6-2.7 6-6z\"><\/path><\/svg>\t\t\t\t\t\t\t<\/span>\n\t\t\t\t\t<span class=\"hfe-post-info-text hfe-post-info__item hfe-post-info__item--type-date\">\n\t\t\t\n\t\t\t\t\t\t\tzo 21 september 2025\t\t\t\t\t<\/span>\n\t\t\n\t\t\t\t\t<\/li>\n\t\t\t\t<\/ul>\n\t\t\t\t\t\t<\/div>\n\t\t\t\t<\/div>\n\t\t\t\t\t<\/div>\n\t\t\t\t<\/div>\n\t\t\t\t<\/div>\n\t\t","protected":false},"excerpt":{"rendered":"<p>HC-05 BlueTooth module Omschrijving HC-05 Bluetooth seri\u00eble poort vervanger voor bedrade seri\u00eble verbindingen, eenvoudig in gebruik. Je kunt de module gebruiken om een seri\u00eble poort te vervangen om verbinding te maken met bijvoorbeeld Arduino, PIC of andere microcontroller en PC of Android telefoon(geen iphone\/ipad support). De HC-05 kan in tegenstelling to de HC-06 ingesteld worden [&hellip;]<\/p>\n","protected":false},"author":1,"featured_media":729,"parent":0,"menu_order":0,"comment_status":"closed","ping_status":"closed","template":"","meta":{"ocean_post_layout":"","ocean_both_sidebars_style":"","ocean_both_sidebars_content_width":0,"ocean_both_sidebars_sidebars_width":0,"ocean_sidebar":"sidebar-2","ocean_second_sidebar":"","ocean_disable_margins":"enable","ocean_add_body_class":"","ocean_shortcode_before_top_bar":"","ocean_shortcode_after_top_bar":"","ocean_shortcode_before_header":"","ocean_shortcode_after_header":"","ocean_has_shortcode":"","ocean_shortcode_after_title":"","ocean_shortcode_before_footer_widgets":"","ocean_shortcode_after_footer_widgets":"","ocean_shortcode_before_footer_bottom":"","ocean_shortcode_after_footer_bottom":"","ocean_display_top_bar":"off","ocean_display_header":"off","ocean_header_style":"","ocean_center_header_left_menu":"","ocean_custom_header_template":"","ocean_custom_logo":0,"ocean_custom_retina_logo":0,"ocean_custom_logo_max_width":0,"ocean_custom_logo_tablet_max_width":0,"ocean_custom_logo_mobile_max_width":0,"ocean_custom_logo_max_height":0,"ocean_custom_logo_tablet_max_height":0,"ocean_custom_logo_mobile_max_height":0,"ocean_header_custom_menu":"","ocean_menu_typo_font_family":"","ocean_menu_typo_font_subset":"","ocean_menu_typo_font_size":0,"ocean_menu_typo_font_size_tablet":0,"ocean_menu_typo_font_size_mobile":0,"ocean_menu_typo_font_size_unit":"px","ocean_menu_typo_font_weight":"","ocean_menu_typo_font_weight_tablet":"","ocean_menu_typo_font_weight_mobile":"","ocean_menu_typo_transform":"","ocean_menu_typo_transform_tablet":"","ocean_menu_typo_transform_mobile":"","ocean_menu_typo_line_height":0,"ocean_menu_typo_line_height_tablet":0,"ocean_menu_typo_line_height_mobile":0,"ocean_menu_typo_line_height_unit":"","ocean_menu_typo_spacing":0,"ocean_menu_typo_spacing_tablet":0,"ocean_menu_typo_spacing_mobile":0,"ocean_menu_typo_spacing_unit":"","ocean_menu_link_color":"","ocean_menu_link_color_hover":"","ocean_menu_link_color_active":"","ocean_menu_link_background":"","ocean_menu_link_hover_background":"","ocean_menu_link_active_background":"","ocean_menu_social_links_bg":"","ocean_menu_social_hover_links_bg":"","ocean_menu_social_links_color":"","ocean_menu_social_hover_links_color":"","ocean_disable_title":"default","ocean_disable_heading":"default","ocean_post_title":"","ocean_post_subheading":"","ocean_post_title_style":"","ocean_post_title_background_color":"","ocean_post_title_background":0,"ocean_post_title_bg_image_position":"","ocean_post_title_bg_image_attachment":"","ocean_post_title_bg_image_repeat":"","ocean_post_title_bg_image_size":"","ocean_post_title_height":0,"ocean_post_title_bg_overlay":0.5,"ocean_post_title_bg_overlay_color":"","ocean_disable_breadcrumbs":"default","ocean_breadcrumbs_color":"","ocean_breadcrumbs_separator_color":"","ocean_breadcrumbs_links_color":"","ocean_breadcrumbs_links_hover_color":"","ocean_display_footer_widgets":"default","ocean_display_footer_bottom":"default","ocean_custom_footer_template":"","footnotes":""},"categories":[11],"tags":[13,12],"class_list":["post-727","page","type-page","status-publish","has-post-thumbnail","hentry","category-arduino_componenten","tag-bluetooth","tag-hc-05","entry","has-media"],"_links":{"self":[{"href":"https:\/\/jsanders.myds.me\/wordpress\/index.php?rest_route=\/wp\/v2\/pages\/727","targetHints":{"allow":["GET"]}}],"collection":[{"href":"https:\/\/jsanders.myds.me\/wordpress\/index.php?rest_route=\/wp\/v2\/pages"}],"about":[{"href":"https:\/\/jsanders.myds.me\/wordpress\/index.php?rest_route=\/wp\/v2\/types\/page"}],"author":[{"embeddable":true,"href":"https:\/\/jsanders.myds.me\/wordpress\/index.php?rest_route=\/wp\/v2\/users\/1"}],"replies":[{"embeddable":true,"href":"https:\/\/jsanders.myds.me\/wordpress\/index.php?rest_route=%2Fwp%2Fv2%2Fcomments&post=727"}],"version-history":[{"count":0,"href":"https:\/\/jsanders.myds.me\/wordpress\/index.php?rest_route=\/wp\/v2\/pages\/727\/revisions"}],"wp:featuredmedia":[{"embeddable":true,"href":"https:\/\/jsanders.myds.me\/wordpress\/index.php?rest_route=\/wp\/v2\/media\/729"}],"wp:attachment":[{"href":"https:\/\/jsanders.myds.me\/wordpress\/index.php?rest_route=%2Fwp%2Fv2%2Fmedia&parent=727"}],"wp:term":[{"taxonomy":"category","embeddable":true,"href":"https:\/\/jsanders.myds.me\/wordpress\/index.php?rest_route=%2Fwp%2Fv2%2Fcategories&post=727"},{"taxonomy":"post_tag","embeddable":true,"href":"https:\/\/jsanders.myds.me\/wordpress\/index.php?rest_route=%2Fwp%2Fv2%2Ftags&post=727"}],"curies":[{"name":"wp","href":"https:\/\/api.w.org\/{rel}","templated":true}]}}